it of 43401?
3
What is the thousands digit of 3603?
3
What is the hundreds digit of 4693?
6
What is the tens digit of 3603?
0
What is the hundred thousands digit of 149732?
1
What is the hundreds digit of 398?
3
What is the tens digit of 11891?
9
What is the hundreds digit of 1072?
0
What is the hundreds digit of 1551?
5
What is the tens digit of 685?
8
What is the hundreds digit of 105075?
0
What is the thousands digit of 1996?
1
What is the units digit of 981?
1
What is the tens digit of 1448?
4
What is the tens digit of 38600?
0
What is the tens digit of 30?
3
What is the thousands digit of 4753?
4
What is the hundreds digit of 930?
9
What is the units digit of 824?
4
What is the hundreds digit of 2603?
6
What is the tens digit of 402?
0
What is the hundreds digit of 2394?
3
What is the tens digit of 943?
4
What is the tens digit of 50562?
6
What is the ten thousands digit of 21228?
2
What is the thousands digit of 4308?
4
What is the thousands digit of 3100?
3
What is the hundreds digit of 6523?
5
What is the tens digit of 11567?
6
What is the tens digit of 57659?
5
What is the tens digit of 3108?
0
What is the ten thousands digit of 15161?
1
What is the tens digit of 10215?
1
What is the thousands digit of 13624?
3
What is the units digit of 37296?
6
What is the units digit of 153?
3
What is the thousands digit of 4579?
4
What is the thousands digit of 2948?
2
What is the tens digit of 919?
1
What is the hundreds digit of 1400?
4
What is the thousands digit of 2530?
2
What is the hundreds digit of 3317?
3
What is the tens digit of 10702?
0
What is the units digit of 896?
6
What is the hundreds digit of 617?
6
What is the units digit of 12134?
4
What is the hundreds digit of 860?
8
What is the hundreds digit of 29629?
6
What is the units digit of 5517?
7
What is the tens digit of 28577?
7
What is the tens digit of 1818?
1
What is the thousands digit of 25408?
5
What is the tens digit of 23326?
2
What is the units digit of 3009?
9
What is the hundreds digit of 1995?
9
What is the ten thousands digit of 10028?
1
What is the hundreds digit of 812?
8
What is the hundreds digit of 666?
6
What is the thousands digit of 1743?
1
What is the hundreds digit of 5401?
4
What is the hundreds digit of 199155?
1
What is the thousands digit of 1558?
1
What is the units digit of 1319?
9
What is the hundreds digit of 76732?
7
What is the tens digit of 43899?
9
What is the units digit of 1425?
5
What is the thousands digit of 104138?
4
What is the tens digit of 138?
3
What is the thousands digit of 1171?
1
What is the thousands digit of 1054?
1
What is the tens digit of 64753?
5
What is the tens digit of 2052?
5
What is the tens digit of 5418?
1
What is the units digit of 1445?
5
What is the thousands digit of 1314?
1
What is the thousands digit of 4685?
4
What is the tens digit of 24347?
4
What is the units digit of 23228?
8
What is the hundreds digit of 9257?
2
What is the units digit of 21561?
1
What is the thousands digit of 5979?
5
What is the thousands digit of 124220?
4
What is the tens digit of 7791?
9
What is the thousands digit of 6992?
6
What is the tens digit of 306?
0
What is the thousands digit of 3730?
3
What is the units digit of 272?
2
What is the thousands digit of 81110?
1
What is the thousands digit of 2481?
2
What is the thousands digit of 1616?
1
What is the tens digit of 451?
5
What is the units digit of 287?
7
What is the tens digit of 10813?
1
What is the units digit of 8338?
8
What is the tens digit of 39747?
4
What is the ten thousands digit of 16802?
1
What is the units digit of 17708?
8
What is the hundreds digit of 2823?
8
What is the tens digit of 46935?
3
What is the hundreds digit of 23584?
5
What is the tens digit of 5173?
7
What is the thousands digit of 52643?
2
What is the units digit of 6724?
4
What is the hundreds digit of 7771?
7
What is the hundreds digit of 2241?
2
What is the hundreds digit of 4453?
4
What is the tens digit of 47803?
0
What is the hundreds digit of 717?
7
What is the thousands digit of 1322?
1
What is the tens digit of 1249?
4
What is the units digit of 23606?
6
What is the units digit of 3971?
1
What is the tens digit of 1216?
1
What is the tens digit of 6974?
7
What is the tens digit of 99883?
8
What is the hundreds digit of 1414?
4
What is the tens digit of 489?
8
What is the units digit of 2787?
7
What is the thousands digit of 10007?
0
What is the hundreds digit of 48160?
1
What is the hundreds digit of 54523?
5
What is the tens digit of 18154?
5
What is the tens digit of 15078?
7
What is the hundreds digit of 12201?
2
What is the units digit of 4886?
6
What is the tens digit of 1112?
1
What is the thousands digit of 12651?
2
What is the ten thousands digit of 52626?
5
What is the thousands digit of 2183?
2
What is the ten thousands digit of 32941?
3
What is the units digit of 95025?
5
What is the hundreds digit of 949?
9
What is the units digit of 970?
0
What is the tens digit of 4853?
5
What is the tens digit of 24899?
9
What is the ten thousands digit of 15394?
1
What is the units digit of 321?
1
What is the thousands digit of 152209?
2
What is the hundreds digit of 2438?
4
What is the thousands digit of 6140?
6
What is the thousands digit of 1685?
1
What is the ten thousands digit of 21963?
2
What is the tens digit of 932?
3
What is the units digit of 501?
1
What is the thousands digit of 153536?
3
What is the hundreds digit of 28889?
8
What is the thousands digit of 42334?
2
What is the hundreds digit of 13226?
2
What is the tens digit of 24484?
8
What is the thousands digit of 98733?
8
What is the hundreds digit of 1895?
8
What is the units digit of 2641?
1
What is the hundreds digit of 207?
2
What is the units digit of 93?
3
What is the thousands digit of 2409?
2
What is the tens digit of 150?
5
What is the hundreds digit of 16115?
1
What is the hundreds digit of 52544?
5
What is the hundreds digit of 4240?
2
What is the thousands digit of 1159?
1
What is the tens digit of 2314?
1
What is the tens digit of 11687?
8
What is the tens digit of 1794?
9
What is the hundreds digit of 50586?
5
What is the units digit of 5?
5
What is the thousands digit of 65814?
5
What is the thousands digit of 157801?
7
What is the thousands digit of 1822?
1
What is the units digit of 117?
7
What is the units digit of 1719?
9
What is the units digit of 11329?
9
What is the ten thousands digit of 41189?
4
What is the units digit of 988?
8
What is the tens digit of 3643?
4
What is the thousands digit of 95532?
5
What is the tens digit of 3529?
2
What is the thousands digit of 7351?
7
What is the tens digit of 4082?
8
What is the hundreds digit of 9785?
7
What is the units digit of 1517?
7
What is the tens digit of 1498?
9
What is the units digit of 12558?
8
What is the units digit of 776?
6
What is the hundreds digit of 103904?
9
What is the tens digit of 21740?
4
What is the units digit of 1562?
2
What is the units digit of 28754?
4
What is the ten thousands digit of 173440?
7
What is the tens digit of 2209?
0
What is the tens digit of 67090?
9
What is the hundreds digit of 1118?
1
What is the hundreds digit of 61456?
4
What is the tens digit of 25604?
0
What is the units digit of 869?
9
What is the tens digit of 40?
4
What is the hundreds digit of 17407?
4
What is the hundreds digit of 1142?
1
What is the units digit of 49347?
7
What is the hundreds digit of 33818?
8
What is the units digit of 10750?
0
What is the hundreds digit of 1148?
1
What is the thousands digit of 40685?
0
What is the thousands digit of 3619?
3
What is the hundreds digit of 2054?
0
What is the thousands digit of 1118?
1
What is the hundreds digit of 2591?
5
What is the tens digit of 3029?
2
What is the units digit of 2119?
9
What is the units digit of 18967?
7
What is the tens digit of 699?
9
What is the hundreds digit of 14937?
9
What is the hundreds digit of 65174?
1
What is the hundreds digit of 4184?
1
What is the hundreds digit of 936?
9
What is the units digit of 9539?
9
What is the hundred thousands digit of 103060?
1
What is the hundreds digit of 623?
6
What is the ten thousands digit of 67124?
6
What is the hundreds digit of 647?
6
What is the units digit of 744?
4
What is the units digit of 1872?
2
What is the tens digit o